w.
2, 521
Suppose 0 = -y + 5*q - 10, -4*y = -y + 4*q - 46. Let t(c) = c**3 - 6*c**2 - 23*c - 24. What are the prime factors of t(y)?
2, 73
Suppose -3*x + 2 = 4*m, -3*m + 5*x - x = -14. Let z(g) = 78*g**3 + 6*g**2 - 10*g + 15. What are the prime factors of z(m)?
643
Suppose -54 = 16*h - 6. Let u(z) = 64*z**2 - 7*z - 32. List the prime factors of u(h).
5, 113
Let i be (122/6)/((-14)/(-462)). Let h = i - -334. List the prime factors of h.
3, 5, 67
Suppose -64 = -2*k + 4*n, -3*k - 3*n + 7 = -2*k. Let g = k - 15. List the prime factors of (3/6)/(((-21)/(-906))/g).
151
Let q = -541 - -549. Suppose 3*k - 129 = -d, -q*d = 4*k - 3*d - 183. List the prime factors of k.
2, 3, 7
List the prime factors of (53/159)/(-4*1/(-131004)).
3, 1213
Suppose 2*g - 5*u - 14 = 9, g = -2*u + 34. Suppose 0 = -8*y + 8 + g. Suppose -6*d - y*x = -d - 768, -d - 3*x + 158 = 0. What are the prime factors of d?
2, 19
Suppose 3*s + s - 11746 = 108582. List the prime factors of s.
2, 13, 89
Let m(j) = 70*j + 2588. What are the prime factors of m(-34)?
2, 13
What are the prime factors of -35*(-55)/(-10)*-10?
5, 7, 11
Let b = 2057 - 1838. Let p be (-836)/10 - (-10)/(-25). Let z = b + p. List the prime factors of z.
3, 5
Suppose -q - 4*d + 5793 = 0, q - 46*d - 5841 = -42*d. What are the prime factors of q?
3, 7, 277
Suppose 0*h + 5*h = -5*o + 25, 0 = 4*o - 4*h - 4. Suppose -o*g + 9 + 6 = 0. Suppose g*i - f - 135 = 388, -2*i = f - 212. What are the prime factors of i?
3, 5, 7
Suppose i + 4 = -6. Let k(l) = l**2 + 15*l + 20. Let u be k(-15). What are the prime factors of u*((-34)/i + -3)?
2
Let c(o) = -22*o - 34 + 14 - o**3 + 33*o**2 - 40 - 28*o - 38*o. List the prime factors of c(28).
2, 349
Suppose -k = -h + 1, 28 = -0*k + 2*k + 4*h. What are the prime factors of k*((-831)/18 - 5)*-3?
2, 307
Suppose -10 = -16*u + 15*u. What are the prime factors of 5/15*15*1294/u?
647
Let b(c) = 1846*c**2 - 28*c - 112. List the prime factors of b(-4).
2, 13, 71
Suppose 0 = -103*h + 131*h - 12208. List the prime factors of h.
2, 109
Let g be 1 + 0 - 30/(-6). Let r(m) = 23*m + 8. Let n be r(g). Let x = -88 + n. List the prime factors of x.
2, 29
Let q = 0 + 6. Suppose 3*y + 90 = q. Let u = 55 + y. What are the prime factors of u?
3
Suppose -r - 2*b + 6*b = -15, 5*b + 27 = 4*r. Let j(t) = -79*t - 39. Let z(y) = -76*y - 37. Let s(i) = 5*j(i) - 6*z(i). What are the prime factors of s(r)?
2, 3, 5, 7
Let l = -340 + 548. Suppose -21*x = -1447 + l. List the prime factors of x.
59
Let x(h) = 5*h**2 - 212*h + 619. List the prime factors of x(150).
7, 11617
Suppose 2*l + 5*n = 3734, 72*l = 75*l - n - 5584. List the prime factors of l.
2, 7, 19
Suppose 59277 + 21672 = 12*g - 5259. What are the prime factors of g?
2, 449
Let k(h) = -3*h**2 + 8*h + 6. Let y be k(4). Let n be 12/5 - (18/y)/3. Suppose -z - 2*p + 400 = 3*z, -3*z + 303 = n*p. What are the prime factors of z?
3, 11
Let o(h) = -h**2 - 4*h + 1. Let b be o(-2). Suppose 0*y - 5*y = -5*c + 8005, 5*c + b*y = 7975. List the prime factors of c.
2, 17, 47
What are the prime factors of -7 + 6*(-16)/(-24) - -10750?
11, 977
Let l = 230 + -151. Suppose 5*q = a - l, 2*a + 39*q - 202 = 38*q. What are the prime factors of a?
3, 11
Suppose -v - 5*c + 31 = 0, -8*c = -12*c + 20. List the prime factors of (-3246)/(-18)*(-9)/v*-2.
541
Let y(p) = 291*p**2 + 1340*p - 34. List the prime factors of y(10).
2, 17, 1249
Suppose 8*m + 37938 = -24*m + 33*m. List the prime factors of m.
2, 3, 6323
Suppose 6*x + 4*g + 24008 = 10*x, 0 = 3*x - 4*g - 18007. List the prime factors of x.
17, 353
Suppose -9114 = -4*o + 3*y, 21*o + 3*y = 19*o + 4548. What are the prime factors of o?
3, 11, 23
Let p = -9977 + 14025. What are the prime factors of p?
2, 11, 23
Let t = 19 + -23. Let w be 1/((1 + t)/(-15)). Suppose -w*l + 43 = -312. List the prime factors of l.
71
Let i be (-9384)/(-66) - 4/22. Suppose -z + 3*z = i. Suppose 0*j + 2*q = j - z, 154 = 2*j + 2*q. What are the prime factors of j?
3, 5
Suppose -2*k + g = 1493, -4*k - 3723 + 746 = -5*g. Let i = k + 1674. List the prime factors of i.
2, 463
Let w = -4439 - -8393. Suppose 3*r - w = -4*n + r, 0 = -4*n + 4*r + 3948. List the prime factors of n.
2, 13, 19
Let f(a) = 2*a**2 + 36*a + 66. Let n = -185 + 164. What are the prime factors of f(n)?
2, 3
Let j = 66633 + -43009. What are the prime factors of j?
2, 2953
Let s = 5888 - -4760. List the prime factors of s.
2, 11
Let b be -192*((-16)/(-48))/((-4)/(-30)). Let c = -239 - b. What are the prime factors of c?
241
Let w(z) = -5*z - 30 + 13*z + 64*z + 58*z. Let m be w(7). Suppose 0 = -22*r + 14*r + m. List the prime factors of r.
2, 5, 11
Let a = -98 + 338. Let c = -168 + a. Let t = c + 218. What are the prime factors of t?
2, 5, 29
Let d(x) be the third derivative of 299*x**4/24 - 4*x**3/3 - 31*x**2. List the prime factors of d(2).
2, 5, 59
Let q = -1738 + 3510. Let d = -1249 + q. What are the prime factors of d?
523
Suppose 4*q + 44962 = c, -217*c - 5*q - 134900 = -220*c. What are the prime factors of c?
2, 3, 5, 1499
Let m(u) = -4*u**2 + 5*u. Let k(p) = -11*p**2 + 15*p - 1. Let z(i) = -3*k(i) + 8*m(i). What are the prime factors of z(-3)?
3
Let r(y) = -4*y. Let j(t) = -t + 1. Let c(f) = -2*j(f) - r(f). Suppose 2*m = -2 + 4. What are the prime factors of c(m)?
2
Let a = 19107 + -14062. What are the prime factors of a?
5, 1009
Let r(l) = l**2 + l. Let w(y) = -y**3 - 9*y**2 + 1. Let a(g) = 4*r(g) + w(g). Let b be (99/99)/((-1)/7*1). List the prime factors of a(b).
71
Suppose 0 = -d - 4*f - 22, d + 6 = 3*d - 2*f. Let j(h) = -25*h**3 + h**2 - h. List the prime factors of j(d).
2, 103
Suppose -6*h - 112 = -29*h + 228393. What are the prime factors of h?
5, 1987
Let j be 539 - (-2)/(4/(-2)). Let x = j + -174. What are the prime factors of x?
2, 7, 13
Let m(l) = 67*l**3 + l + 5. Let z be m(-2). Let t = 282 - z. What are the prime factors of t?
5, 163
Suppose -8 = 5*a - 2*c, -5*c + 7 + 13 = 4*a. Suppose q - 185 = -5*v, 0 = -a*q - q. Let n = v + 169. What are the prime factors of n?
2, 103
Let d be 180/95 - (-10)/95. Suppose 0 = -d*g + 2*k + 254, 54*k = -5*g + 57*k + 645. What are the prime factors of g?
2, 3, 11
Suppose 5*w = 2*d + 34, 0 = -2*w - 0*w. List the prime factors of (-2 - 66)/(d/119).
2, 7, 17
Let t = -5754 - -8452. Let u = t - 1291. What are the prime factors of u?
3, 7, 67
Suppose -101 = -4*g + 123. Suppose 63*d - 1568 = g*d. What are the prime factors of d?
2, 7
Suppose -5*w + w + 112168 = -4*h, -8 = 2*h. List the prime factors of w.
2, 3, 4673
Let f(w) = w**3 + 8*w**2 - 9*w - 6. Let y be f(-9). List the prime factors of 97/4*y*(-32)/24.
2, 97
Suppose -71*k - 57*k = -6667520. List the prime factors of k.
2, 5, 5209
Suppose 2*l = -3*l - d + 34636, -5*l + 34620 = 5*d. Suppose l - 32200 = -18*b. List the prime factors of b.
2, 3, 13
Let s = -1898 + 6935. What are the prime factors of s?
3, 23, 73
Let z(v) = -v**2 + 4*v + 21. Let q be z(0). Suppose q*a - 10233 = 4992. List the prime factors of a.
5, 29
Let m(w) = -3535*w - 1605. What are the prime factors of m(-3)?
2, 3, 5
Let h(p) = 6*p - 36. Let q = -108 + 114. Let r be h(q). Suppose 0 = 5*a - 5*k - r*k - 1215, 4*a - 3*k - 969 = 0. What are the prime factors of a?
2, 3, 5
Suppose -2*s + 0 - 5 = -3*p, 0 = -2*s + 10. Suppose -6*z = -p*g - 4*z, -3*g = 3*z - 21. What are the prime factors of -1 - (g/(-3) - (-478)/(-3))?
3, 53
Let u = 560 + -218. Suppose -2*o + o = r - 344, r = o - u. Suppose -o = -4*m + 53. What are the prime factors of m?
3, 11
Suppose -468*r + 20 = -458*r. Suppose -4*w = 3*i + r*i - 3006, -3*i - 5*w = -1814. What are the prime factors of i?
2, 13, 23
Suppose 5*d + 39 = s, -2*s + 5*d - 6*d = -23. Suppose 210 = -5*w - 4*n, -n - s = 3*w + 105. What are the prime factors of w*(-5)/((-20)/(-6))?
3, 19
Let w(s) = 2376*s**2 - 3*s - 3. List the prime factors of w(-1).
2, 3, 11
Suppose 0 = -5*w - 3*u - 26 - 39, -u = 4*w + 45. Let h(p) = -p**3 - 9*p**2 - 14*p - 30. What are the prime factors of h(w)?
2, 3, 5, 7
Suppose -3*b + 399 = -4*s, 3*b - 484 + 88 = 5*s. List the prime factors of b.
137
Suppose 0 = 7*s + 4*s + 99. Let f(j) be the third derivative of j**5/30 + j**4/6 + j**3/3 + 36*j**2. List the prime factors of f(s).
2
List the prime factors of (17 + -29747)*(35/(-15) + 2).
2, 5, 991
Suppose 1703 = -4*c - 17. Let u be (-6 + 